10)*(0 - -2). Calculate the highest common divisor of g and 2.
1
Suppose 10*z - 1170 = z. What is the greatest common divisor of 26 and z?
26
Suppose -4*w + 11*w - 63 = 0. What is the highest common factor of w and 99?
9
Let h(a) = -a**3 + 6*a**2 + 7*a + 7. Let s be h(7). Calculate the highest common divisor of s and 35.
7
Let k = 11 - 7. Let h be (48/(-10))/(8/(-20)). Calculate the greatest common divisor of k and h.
4
Suppose 3*y + 12 = 0, -5*r + 10 = -5*y - 30. Suppose r*x - 3*x - 90 = 0. What is the greatest common factor of 10 and x?
10
Let v = 7 - -11. Suppose k = -v + 53. Let b = -150 + 157. What is the greatest common divisor of k and b?
7
Let h = 18 - 9. Suppose -5 = 3*k - 4*k + 5*u, -3*k + 5*u + 15 = 0. Suppose f = -3*y - 2, 0*f - k*y - 8 = -3*f. What is the greatest common factor of f and h?
1
Let v(d) = -7*d - 11. Let c be v(-5). Let f be (-4)/14 - (-344)/28. What is the highest common divisor of c and f?
12
Let d = -25 - -34. What is the highest common factor of d and 81?
9
Let b be ((-4)/(-3) + -1)*15. Calculate the greatest common factor of b and 5.
5
Let i = 27 + -12. Suppose i = 2*k + 3. Let f be (1/(-2) + 1)*18. What is the greatest common divisor of k and f?
3
Suppose 2*v - 2 = 8. Suppose u - 15 = i + 3, -v*i = u. What is the greatest common divisor of 5 and u?
5
Suppose -4 + 39 = 5*b. What is the highest common divisor of b and 7?
7
Let i = -36 + 62. Calculate the greatest common factor of i and 39.
13
Let a(z) = 17*z - 12. Let f be a(11). Suppose -5*v = -4*v - 25. What is the highest common factor of v and f?
25
Let i(n) = -6*n. Let g be i(-10). Suppose 2*d - d - 1 = 0, -g = -5*x - 5*d. Calculate the highest common divisor of 11 and x.
11
Let b = 32 - 18. Suppose 5*u + 2*t - 7 = 0, 0*u = -2*u + 2*t + b. Let q be 1*(u/1 - -52). What is the greatest common factor of 5 and q?
5
Suppose -4*f = -0*f - 40. Suppose 0 = -4*h + f + 10. Suppose 0 = h*c - 0*c - 5. Calculate the highest common factor of c and 3.
1
Let w be 78/9 - 1/(-3). Let j be 84 + 3/(-1)*1. Calculate the greatest common factor of j and w.
9
Let y = -9 - -11. Suppose 0 = -t - 4*t. Suppose t*d = -d + y. Calculate the greatest common divisor of d and 10.
2
Suppose 62 = 4*c - 34. Let h(g) = -g + 2. Let q be h(-2). What is the highest common factor of c and q?
4
Let z be 8 - (-2)/(2 - 0). Let s(d) = 2*d**2 + 27*d - 104. Let q be s(5). What is the greatest common divisor of z and q?
9
Let m = 1 - -11. Suppose y = 48 - m. Let d(l) = l**3 - 6*l**2 + l + 3. Let i be d(6). Calculate the greatest common divisor of i and y.
9
Suppose 77 = -5*k + 197. Calculate the highest common factor of k and 120.
24
Let g be 972/99 + (-2)/(-11). Suppose b + q - 89 = 0, 2*b - 184 = -q + 5*q. Calculate the highest common factor of b and g.
10
Suppose 6 = 3*o - 0*o. Suppose 3*i - 9 + 1 = -5*t, 0 = o*i - 2*t - 32. Suppose 3*p - 119 - 46 = 0. What is the greatest common factor of p and i?
11
Suppose -3*s = 16 + 29. Let i be (s/(-20))/((-1)/(-24)). Let o(m) = m**2 - 3*m. Let c be o(6). What is the highest common factor of i and c?
18
Let m be ((-7)/(-14))/(2/20). Calculate the highest common factor of 20 and m.
5
Suppose -8*n - 9 = -4*n + 3*h, n + 5*h = 2. Let b be ((-3)/9)/(1/n). What is the greatest common divisor of b and 11?
1
Suppose v = -2*j, 0 = 2*v + 3*j + 1. Let n = 6 - v. What is the highest common factor of n and 56?
8
Let a(c) = 6*c. Let g be a(8). Calculate the greatest common factor of g and 12.
12
Let m(g) = g**3 + 4*g**2 - 4*g - 5. Let h be m(-4). Calculate the greatest common factor of h and 44.
11
Let g = 8 + -4. Let i be 42/g - 3/(-2). What is the highest common divisor of 24 and i?
12
Suppose 5*y + 35 = -3*o + o, 4*y - 4*o + 56 = 0. Let g(c) = -c**3 - 10*c**2 - 10*c + 6. Let t be g(y). Calculate the greatest common divisor of 105 and t.
15
Let q be -2 + 22*3 - 0. Let z = -81 - -89. Calculate the greatest common divisor of q and z.
8
Let u be 17*1 - (-8 - -5). Suppose -3*t + 10 = 2*m, -t - m + 3 = -0*t. What is the highest common divisor of t and u?
4
Let k(f) = 23*f**2 + 3*f - 3. Let h be k(2). What is the greatest common factor of 38 and h?
19
Let h = -29 + 227. What is the greatest common factor of h and 22?
22
Let h(o) = 4*o - 32. Let a be h(14). Calculate the highest common divisor of 6 and a.
6
Suppose -5*l - 2*b + 132 = 0, b = -l - 13 + 37. Calculate the greatest common divisor of l and 4.
4
Suppose 0 = -5*h + m + 245, 0 = 4*m + 27 - 7. Let j(c) = -2*c**3 + c**2 - 4*c - 3. Let a be j(-3). Calculate the greatest common factor of a and h.
24
Let g be (-24)/20*13/(195/(-1750)). Calculate the greatest common divisor of 28 and g.
28
Suppose g - 6*g - 7 = -3*u, -4*g = -u. Suppose 1 = -u*f - 11, -j + 26 = -3*f. Suppose -5*t + 4*t = -j. What is the highest common divisor of 34 and t?
17
Suppose 3*v - 4*v = -9. Let q(w) = w. Let d be q(5). Suppose 5*s - d*r = -r + 53, -4*r = -4*s + 44. What is the highest common divisor of v and s?
9
Suppose -73 = -4*n + 99. What is the highest common divisor of n and 86?
43
Let v(l) = 2*l**3 + 10*l**2 - 12*l + 2. Let n(w) = w**3 - w + 1. Let m(o) = 3*n(o) - v(o). Let x be m(9). What is the highest common factor of 1 and x?
1
Let c = -5 + 17. Let k = c + -11. Let n = 14 + k. What is the greatest common divisor of n and 15?
15
Let p = -19 + 6. Let c = 39 + p. Suppose -o + 8 = -5. Calculate the highest common divisor of c and o.
13
Let n = 12 + -10. Suppose 3*v - n*v - 8 = 0. What is the highest common divisor of v and 8?
8
Let u(r) = -2*r**3 - 5*r**2 - 3*r + 2. Let p be u(-3). Suppose 5*o = p + 70. Calculate the greatest common factor of 9 and o.
9
Let o be 9 + 6/3*-1. Calculate the highest common factor of o and 7.
7
Suppose -5*f = -10*f + 1485. What is the highest common factor of f and 33?
33
Suppose 0 = -4*i + 26 + 54. Suppose 4*c = -f + 2102, 5*c - 5*f = 2*c + 1588. Suppose c = 4*o - 34. Calculate the greatest common factor of o and i.
20
Let c(u) = 3*u**2 - u. Suppose 2*f - 5*r - 1 = -5, 5*f = -r - 10. Let n be c(f). Let m be -5 + 3 + 0 + 58. What is the highest common factor of m and n?
14
Suppose 54 = 4*m + 10. Let i = 21 - m. What is the highest common factor of i and 20?
10
Let l be ((-42)/(-9) + -4)*63*1. Calculate the highest common factor of l and 28.
14
Let i be 9/(-6) + (-93)/(-6). Let l be ((-3)/(-2))/(7/i). What is the highest common divisor of l and 33?
3
Suppose 5 = s - 0. Suppose s*h = -15, -h - 3 = 3*z - 9. What is the highest common factor of z and 2?
1
Let q(b) = -b**2 - 10*b + 12. Let u be q(-9). What is the greatest common factor of 42 and u?
21
Let l be (6/9)/(4/6). Let t be (0 - -2)*l + 3. Let i = t - 2. What is the greatest common factor of i and 9?
3
Suppose -2*p - 3 + 1 = 0. Let v = p - 1. Let x be v/4 - 618/(-4). What is the highest common divisor of x and 14?
14
Suppose 3*j - 111 - 33 = 0. Suppose 3*x = -0*x + 4*g + 376, 2*x = 4*g + 256. What is the highest common factor of x and j?
24
Suppose 0 = -6*u + 2*u + 100. Suppose 2*k = 2, s - k - u = -s. Suppose -3*m + 4*a = -125, 5*a - 29 = -3*m + 78. Calculate the highest common divisor of m and s.
13
Suppose -5*d + 6 = -2*d. Suppose 2*i - 7 = -m, 4*m - d = 6*m - 4*i. Calculate the greatest common factor of m and 24.
3
Suppose -3*t - 3*p + 33 = 0, -5*t + p + p + 62 = 0. Suppose 0 = 3*h + 9 - 63. Calculate the greatest common factor of t and h.
6
Suppose -12*h = -17*h + 20. What is the greatest common divisor of h and 8?
4
Let s = 59 - -30. Suppose l - s = 5*z - 487, -2*z + 4*l + 152 = 0. What is the greatest common divisor of z and 16?
16
Suppose -15 - 5 = -2*m. Let g be (176/10)/(m/125). What is the greatest common factor of 20 and g?
20
Suppose 2*r - 28 = -0*f - 2*f, 4*f = -r + 11. Calculate the highest common divisor of r and 15.
15
Let m be (-3)/((-12)/(-10))*-24. Suppose -39 - 21 = -5*v. What is the greatest common divisor of v and m?
12
Let l be ((-4)/(-3))/(4/138). Let s = 106 - l. Suppose -5*x - 3*n = -129, -n + 99 = 2*x + 2*x. Calculate the greatest common divisor of x and s.
12
Let s(y) = -5*y + 16. Let b be s(2). What is the greatest common factor of b and 12?
6
Suppose 4*w + 18 = 346. Suppose 5*g - w = -0*g - 2*h, h = -5*g + 81. Let r be 564/14 - (-6)/(-21). What is the greatest common factor of g and r?
8
Let b = 6 - -9. Suppose -26 = -2*k + 64. Calcul